{"id":2,"date":"2014-12-29T00:58:33","date_gmt":"2014-12-29T00:58:33","guid":{"rendered":"http:\/\/brftaljegarden.se\/?page_id=2"},"modified":"2026-02-08T19:20:03","modified_gmt":"2026-02-08T18:20:03","slug":"sample-page","status":"publish","type":"page","link":"https:\/\/brftaljegarden.se\/?page_id=2","title":{"rendered":"Kontakta styrelsen"},"content":{"rendered":"<p><a href=\"http:\/\/brftaljegarden.se\/wp-content\/uploads\/2015\/01\/DSCN4634-e1420819300174.jpg\"><img loading=\"lazy\" class=\"alignnone size-large wp-image-70\" src=\"http:\/\/brftaljegarden.se\/wp-content\/uploads\/2015\/01\/DSCN4634-e1420819300174-1024x515.jpg\" alt=\"DSCN4634\" width=\"700\" height=\"352\" srcset=\"https:\/\/brftaljegarden.se\/wp-content\/uploads\/2015\/01\/DSCN4634-e1420819300174-1024x515.jpg 1024w, https:\/\/brftaljegarden.se\/wp-content\/uploads\/2015\/01\/DSCN4634-e1420819300174-300x151.jpg 300w\" sizes=\"(max-width: 700px) 100vw, 700px\" \/><\/a><\/p>\n<p>Om du har fr\u00e5gor, funderingar, tips eller synpunkter kan du kontakta styrelsen taljegarden@gmail.com. Det g\u00e5r \u00e4ven bra att anv\u00e4nda postfacket i trappuppg\u00e5ng 9B.<\/p>\n","protected":false},"excerpt":{"rendered":"<p>Om du har fr\u00e5gor, funderingar, tips eller synpunkter kan du kontakta styrelsen taljegarden@gmail.com. Det g\u00e5r \u00e4ven bra att anv\u00e4nda postfacket i trappuppg\u00e5ng 9B.<\/p>\n","protected":false},"author":1,"featured_media":0,"parent":0,"menu_order":2,"comment_status":"closed","ping_status":"closed","template":"","meta":[],"_links":{"self":[{"href":"https:\/\/brftaljegarden.se\/index.php?rest_route=\/wp\/v2\/pages\/2"}],"collection":[{"href":"https:\/\/brftaljegarden.se\/index.php?rest_route=\/wp\/v2\/pages"}],"about":[{"href":"https:\/\/brftaljegarden.se\/index.php?rest_route=\/wp\/v2\/types\/page"}],"author":[{"embeddable":true,"href":"https:\/\/brftaljegarden.se\/index.php?rest_route=\/wp\/v2\/users\/1"}],"replies":[{"embeddable":true,"href":"https:\/\/brftaljegarden.se\/index.php?rest_route=%2Fwp%2Fv2%2Fcomments&post=2"}],"version-history":[{"count":5,"href":"https:\/\/brftaljegarden.se\/index.php?rest_route=\/wp\/v2\/pages\/2\/revisions"}],"predecessor-version":[{"id":498,"href":"https:\/\/brftaljegarden.se\/index.php?rest_route=\/wp\/v2\/pages\/2\/revisions\/498"}],"wp:attachment":[{"href":"https:\/\/brftaljegarden.se\/index.php?rest_route=%2Fwp%2Fv2%2Fmedia&parent=2"}],"curies":[{"name":"wp","href":"https:\/\/api.w.org\/{rel}","templated":true}]}}